{"id":1286,"date":"2026-04-01T18:04:28","date_gmt":"2026-04-01T16:04:28","guid":{"rendered":"https:\/\/www.sskzvoleneves.cz\/?page_id=1286"},"modified":"2026-04-01T18:06:03","modified_gmt":"2026-04-01T16:06:03","slug":"zbrojni-opravneni","status":"publish","type":"page","link":"https:\/\/www.sskzvoleneves.cz\/?page_id=1286","title":{"rendered":"Zbrojn\u00ed opr\u00e1vn\u011bn\u00ed"},"content":{"rendered":"\n<p>Zbrojn\u00ed opr\u00e1vn\u011bn\u00ed, zkou\u0161ka odborn\u00e9 zp\u016fsobilosti a po\u017eadavky na n\u00ed.<\/p>\n\n\n\n<p>Proto\u017ee jste zav\u00edtali na tuto str\u00e1nku je dost dob\u0159e mo\u017en\u00e9, \u017ee byste pot\u0159ebovali na cest\u011b k vysn\u011bn\u00e9mu opr\u00e1vn\u011bn\u00ed trochu pomoci.<\/p>\n\n\n\n<p>St\u0159elnice m\u00e1 akreditaci pro po\u0159\u00e1d\u00e1n\u00ed zkou\u0161ek odborn\u00e9 zp\u016fsobilosti a jist\u011b V\u00e1s nezklame.<\/p>\n\n\n\n<p>Pro urychlen\u00ed a zjednodu\u0161en\u00ed kontaktujte odpov\u011bdnou osobu \u2013 Jan Rube\u0161, telefon: +420 602 228 541, email: janrubes13@gmail.com&nbsp;<\/p>\n\n\n\n<h2 class=\"wp-block-heading\">Jak to pot\u00e9 bude prob\u00edhat<\/h2>\n\n\n\n<p>Ze v\u0161eho nejd\u0159\u00edv se rozhodn\u011bte, zda chcete cht\u00edt&nbsp;obecn\u00e9&nbsp;nebo&nbsp;roz\u0161\u00ed\u0159en\u00e9 zbrojn\u00ed opr\u00e1vn\u011bn\u00ed.<\/p>\n\n\n\n<p><em>Podle na\u0159\u00edzen\u00ed vl\u00e1dy \u010d. 238\/2025 Sb., o prov\u00e1d\u011bn\u00ed zkou\u0161ek podle z\u00e1kona o zbran\u00edch a st\u0159elivu.<\/em><\/p>\n\n\n\n<p>Obecn\u00e9 zbrojn\u00ed opr\u00e1vn\u011bn\u00ed<\/p>\n\n\n\n<p>Nahrazuje p\u016fvodn\u00ed skupiny:<br>\u2013 \u201cA\u201d sb\u011bratelsk\u00e9 \u00fa\u010dely,<br>\u2013 \u201cB\u201d sportovn\u00ed \u00fa\u010dely,<br>\u2013 \u201cC\u201d loveck\u00e9 \u00fa\u010dely (myslivost).<\/p>\n\n\n\n<p>Dr\u017eitel je opr\u00e1vn\u011bn:<br>\u2013 nab\u00fdvat do vlastnictv\u00ed nebo dr\u017een\u00ed zbran\u011b, st\u0159elivo a jeho aktivn\u00ed komponenty k p\u0159eb\u00edjen\u00ed st\u0159eliva.<\/p>\n\n\n\n<p>Podm\u00ednky k z\u00edsk\u00e1n\u00ed:<br>\u2013 minim\u00e1ln\u00ed v\u011bk 18 let,<br>\u2013 \u017eadatel m\u016f\u017ee z\u00edskat zbrojn\u00ed opr\u00e1vn\u011bn\u00ed ji\u017e od 15 let, pokud je \u010dlenem sportovn\u00edho klubu, jeho\u017e sou\u010d\u00e1st\u00ed je st\u0159elba, nebo studuje na \u0161kole, kde je v\u00fduka myslivosti,<\/p>\n\n\n\n<p>Roz\u0161\u00ed\u0159en\u00e9 zbrojn\u00ed opr\u00e1vn\u011bn\u00ed<\/p>\n\n\n\n<p>Nahrazuje p\u016fvodn\u00ed skupiny:<br>\u2013 \u201cD\u201d v\u00fdkon zam\u011bstn\u00e1n\u00ed nebo povol\u00e1n\u00ed,<br>\u2013 \u201cE\u201d ochrana \u017eivota, zdrav\u00ed nebo majetku.<\/p>\n\n\n\n<p>Dr\u017eitel m\u00e1 v\u0161echna opr\u00e1vn\u011bn\u00ed vypl\u00fdvaj\u00edc\u00ed z Obecn\u00e9ho zbrojn\u00edho opr\u00e1vn\u011bn\u00ed, a d\u00e1le je opr\u00e1vn\u011bn<br>\u2013 skryt\u011b nosit zbra\u0148 pro ochranu \u017eivota, zdrav\u00ed nebo majetku, \u010di pro v\u00fdkon zam\u011bstn\u00e1n\u00ed nebo povol\u00e1n\u00ed<\/p>\n\n\n\n<p>Podm\u00ednky k z\u00edsk\u00e1n\u00ed:<br>\u2013 minim\u00e1ln\u00ed v\u011bk 21 let<\/p>\n\n\n\n<h3 class=\"wp-block-heading\">P\u0159ihl\u00e1\u0161en\u00ed k absolvov\u00e1n\u00ed zkou\u0161ky odborn\u00e9 zp\u016fsobilosti prob\u00edh\u00e1 takto:<\/h3>\n\n\n\n<h4 class=\"wp-block-heading\">1.Posudek o zdravotn\u00ed zp\u016fsobilosti<\/h4>\n\n\n\n<p>Nav\u0161tivte sv\u00e9ho praktick\u00e9ho l\u00e9ka\u0159e a nechte si vystavit&nbsp;<a href=\"https:\/\/strelniceprachatice.cz\/download\/posudek-o-zdravotni-zpusobilosti-k-drzeni-zbrojniho-opravneni\/?wpdmdl=1804&amp;refresh=69a93bf01c9371772698608\">Posudek o zdravotn\u00ed zp\u016fsobilosti k dr\u017een\u00ed zbrojn\u00edho opr\u00e1vn\u011bn\u00ed<\/a><\/p>\n\n\n\n<p><em>Posudek o zdravotn\u00ed zp\u016fsobilosti k dr\u017een\u00ed zbrojn\u00edho pr\u016fkazu slou\u017e\u00ed k potvrzen\u00ed, zda je posuzovan\u00e1 osoba zdravotn\u011b zp\u016fsobil\u00e1 k dr\u017een\u00ed zbrojn\u00edho pr\u016fkazu.&nbsp;<\/em><em>Tento posudek je nezbytn\u00fd jak p\u0159i \u017e\u00e1dosti o vyd\u00e1n\u00ed zbrojn\u00edho pr\u016fkazu, tak i p\u0159i pravideln\u00fdch kontrol\u00e1ch zdravotn\u00ed zp\u016fsobilosti jeho dr\u017eitel\u016f. Formul\u00e1\u0159 se \u0159\u00edd\u00ed na\u0159\u00edzen\u00edm vl\u00e1dy&nbsp;<\/em><em><strong>ze dne 10. z\u00e1\u0159\u00ed 2025 o stanoven\u00ed seznamu nemoc\u00ed, vad nebo stav\u016f, kter\u00e9 vylu\u010duj\u00ed nebo omezuj\u00ed zdravotn\u00ed zp\u016fsobilost, a o n\u00e1le\u017eitostech l\u00e9ka\u0159sk\u00e9ho posudku podle z\u00e1kona o zbran\u00edch a st\u0159elivu a podle z\u00e1kona o munici.<\/strong><\/em><\/p>\n\n\n\n<p><em>Uzn\u00e1-li l\u00e9ka\u0159 za vhodn\u00e9, m\u016f\u017ee v\u00e1s poslat na psychologick\u00e9 vy\u0161et\u0159en\u00ed.<\/em><\/p>\n\n\n\n<p><em>Posudek<\/em><em>&nbsp;<\/em><em>m\u00e1 platnost 3 m\u011bs\u00edce.<\/em><\/p>\n\n\n\n<p><em>Cena za prohl\u00eddku je dle sazebn\u00edku l\u00e9ka\u0159e.<\/em><\/p>\n\n\n\n<h3 class=\"wp-block-heading\">2.Pod\u00e1n\u00ed \u201e\u017d\u00e1dosti o vyd\u00e1n\u00ed zbrojn\u00edho opr\u00e1vn\u011bn\u00ed\u201c<\/h3>\n\n\n\n<p>Podle \u00a7 13 z\u00e1konu \u010d. 90\/2024 Sb., o zbran\u00edch a st\u0159elivu m\u016f\u017ee&nbsp;\u017eadatel doru\u010dit \u017e\u00e1dost:<\/p>\n\n\n\n<p><em>Osobn\u011b na Policii \u010cR, Odd\u011blen\u00ed slu\u017eby pro zbran\u011b a bezpe\u010dnostn\u00ed materi\u00e1l (d\u00e1le jen \u201cOSZBM\u201d), kde bezhotovostn\u011b uhrad\u00ed spr\u00e1vn\u00ed poplatek ve v\u00fd\u0161i 3.000,-K\u010d, a odevzd\u00e1 zde potvrzen\u00ed o zdravotn\u00ed zp\u016fsobilosti.<\/em><\/p>\n\n\n\n<p><em>\u017d\u00e1dost m\u016f\u017ee poslat p\u0159es \u201e<\/em><a href=\"https:\/\/obcan.portal.gov.cz\/prihlaseni\"><em>Port\u00e1l ob\u010dana<\/em><\/a><em>\u201e, spr\u00e1vn\u00ed poplatek je v tomto p\u0159\u00edpad\u011b sn\u00ed\u017een na \u010d\u00e1stku 2.400,-K\u010d, p\u0159\u00edlohou za\u0161le tak\u00e9 potvrzen\u00ed o zdravotn\u00ed zp\u016fsobilosti, m\u00e1 v\u0161ak za povinnost origin\u00e1l potvrzen\u00ed o zdravotn\u00ed zp\u016fsobilosti doru\u010dit na OSZBM.<\/em><\/p>\n\n\n\n<p><em>\u017d\u00e1dost po\u0161le \u201cDatovou schr\u00e1nkou\u201d fyzick\u00e9 osoby, mus\u00ed v\u0161ak na OSZBM doru\u010dit zdravotn\u00ed zp\u016fsobilost a bezhotovostn\u011b uhradit spr\u00e1vn\u00ed poplatek ve v\u00fd\u0161i 3.000,-K\u010d.<\/em><\/p>\n\n\n\n<h3 class=\"wp-block-heading\">3.OSZBM zah\u00e1j\u00ed \u0159\u00edzen\u00ed o bez\u00fahonnosti a spolehlivosti \u017eadatele<\/h3>\n\n\n\n<ul class=\"wp-block-list\">\n<li><em>V p\u0159\u00edpad\u011b kladn\u00e9ho v\u00fdsledku je \u017eadatel vyrozum\u011bn o vy\u0159\u00edzen\u00ed \u017e\u00e1dosti<\/em><\/li>\n\n\n\n<li><em>OSZBM provede z\u00e1pis do Centr\u00e1ln\u00edho registru zbran\u00ed (d\u00e1le jen \u201cCRZ\u201d)<\/em><\/li>\n<\/ul>\n\n\n\n<h3 class=\"wp-block-heading\">4.P\u0159ihl\u00e1\u0161en\u00ed ke zkou\u0161ce odborn\u00e9 zp\u016fsobilosti<\/h3>\n\n\n\n<ul class=\"wp-block-list\">\n<li><em>\u017eadatel si vybere st\u0159elnici, na kter\u00e9 bude cht\u00edt absolvovat zkou\u0161ku odborn\u00e9 zp\u016fsobilosti, a zde se osobn\u011b nebo telefonicky p\u0159ihl\u00e1s\u00ed k absolvov\u00e1n\u00ed zkou\u0161ky<\/em><\/li>\n\n\n\n<li><em>odpov\u011bdn\u00e1 osoba zanese tuto skute\u010dnost do CRZ<\/em><\/li>\n\n\n\n<li><em>ka\u017ed\u00fd uchaze\u010d m\u016f\u017ee b\u00fdt zaregistrov\u00e1n pouze na jeden term\u00edn.<\/em><\/li>\n\n\n\n<li><em>\u017eadatel mus\u00ed zkou\u0161ku absolvovat nejpozd\u011bji do jednoho roku od data z\u00e1pisu do CRZ.<\/em><\/li>\n<\/ul>\n\n\n\n<h3 class=\"wp-block-heading\">5.Pr\u016fb\u011bhu p\u0159\u00edpravy a zkou\u0161ky<\/h3>\n\n\n\n<p>V okam\u017eiku kdy V\u00e1s OSZBM vyrozum\u00ed o kladn\u00e9m vy\u0159\u00edzen\u00ed Va\u0161\u00ed \u017e\u00e1dosti <strong><u>zavol\u00e1te odpov\u011bdn\u00e9 osob\u011b panu<\/u><\/strong> <strong><u>Rube\u0161ovi ( <\/u><\/strong>+420 602 228 541), kter\u00fd v\u00e1m vysv\u011btl\u00ed dal\u0161\u00ed postup dovede v\u00e1s a\u017e k samotn\u00e9 zkou\u0161ce.<\/p>\n\n\n\n<p><strong><u>p. Rube\u0161 zajist\u00ed:<\/u><\/strong><\/p>\n\n\n\n<ul class=\"wp-block-list\">\n<li><em>registraci uchaze\u010de ke zkou\u0161ce v syst\u00e9mu CRZ<\/em><\/li>\n\n\n\n<li><em>vyps\u00e1n\u00ed term\u00ednu zkou\u0161ky \u2013 v sou\u010dinnosti s P\u010cR na z\u00e1klad\u011b po\u010dtu z\u00e1jemc\u016f.<\/em><\/li>\n\n\n\n<li><em>absolvov\u00e1n\u00ed p\u0159\u00edpravn\u00e9ho kurzu ke zkou\u0161ce (nepovinn\u00e9 ale d\u016frazn\u011b doporu\u010dujeme)<\/em><\/li>\n\n\n\n<li><em>vykon\u00e1n\u00ed zkou\u0161ky odborn\u00e9 zp\u016fsobilosti.<\/em><\/li>\n<\/ul>\n\n\n\n<h4 class=\"wp-block-heading\">&nbsp;<\/h4>\n\n\n\n<h4 class=\"wp-block-heading\">Zbran\u011b, kter\u00e9 budou pou\u017eit\u00e9 v p\u0159\u00edpravn\u00e9m kurzu a u zkou\u0161ky<\/h4>\n\n\n\n<p>Pistole&nbsp;(r\u00e1\u017ee 9 mm Luger)<\/p>\n\n\n\n<p><em>&nbsp;&nbsp;&nbsp;&nbsp;&nbsp;&nbsp;&nbsp;&nbsp;&nbsp;&nbsp;&nbsp;&nbsp; CZ 75 B<\/em><\/p>\n\n\n\n<p><em>&nbsp;&nbsp;&nbsp;&nbsp;&nbsp;&nbsp;&nbsp;&nbsp;&nbsp;&nbsp;&nbsp;&nbsp; Glock 19<\/em><\/p>\n\n\n\n<p>Revolver&nbsp;(r\u00e1\u017ee .38 spec)<\/p>\n\n\n\n<p><em>&nbsp;&nbsp;&nbsp;&nbsp;&nbsp;&nbsp;&nbsp;&nbsp;&nbsp;&nbsp;&nbsp;&nbsp;&nbsp; Holek&nbsp; 831<\/em><\/p>\n\n\n\n<p><em>&nbsp;&nbsp;&nbsp;&nbsp;&nbsp;&nbsp;&nbsp;&nbsp;&nbsp;&nbsp;&nbsp;&nbsp;&nbsp; Astra NC 6<\/em><\/p>\n\n\n\n<p>Malor\u00e1\u017eka opakovac\u00ed&nbsp;(r\u00e1\u017ee .22LR)<\/p>\n\n\n\n<p><em>&nbsp;&nbsp;&nbsp;&nbsp;&nbsp;&nbsp;&nbsp;&nbsp;&nbsp;&nbsp;&nbsp;&nbsp; ZKM 451<\/em><\/p>\n\n\n\n<p>Malor\u00e1\u017eka samonab\u00edjec\u00ed&nbsp;(.22LR)<\/p>\n\n\n\n<p><em>&nbsp;&nbsp;&nbsp;&nbsp;&nbsp;&nbsp;&nbsp;&nbsp;&nbsp;&nbsp;&nbsp;&nbsp; CZ 512<\/em><\/p>\n","protected":false},"excerpt":{"rendered":"<p>Zbrojn\u00ed opr\u00e1vn\u011bn\u00ed, zkou\u0161ka odborn\u00e9 zp\u016fsobilosti a po\u017eadavky na n\u00ed. Proto\u017ee jste zav\u00edtali na tuto str\u00e1nku je dost dob\u0159e mo\u017en\u00e9, \u017ee byste pot\u0159ebovali na cest\u011b k vysn\u011bn\u00e9mu opr\u00e1vn\u011bn\u00ed trochu pomoci. St\u0159elnice m\u00e1 akreditaci pro po\u0159\u00e1d\u00e1n\u00ed zkou\u0161ek odborn\u00e9 zp\u016fsobilosti a jist\u011b V\u00e1s nezklame. Pro urychlen\u00ed a zjednodu\u0161en\u00ed kontaktujte odpov\u011bdnou osobu \u2013 Jan Rube\u0161, telefon: +420 602 228 &hellip; <a href=\"https:\/\/www.sskzvoleneves.cz\/?page_id=1286\" class=\"more-link\">Pokra\u010dov\u00e1n\u00ed textu <span class=\"screen-reader-text\">Zbrojn\u00ed opr\u00e1vn\u011bn\u00ed<\/span> <span class=\"meta-nav\">&rarr;<\/span><\/a><\/p>\n","protected":false},"author":2,"featured_media":0,"parent":0,"menu_order":0,"comment_status":"closed","ping_status":"closed","template":"","meta":{"footnotes":""},"class_list":["post-1286","page","type-page","status-publish","hentry"],"_links":{"self":[{"href":"https:\/\/www.sskzvoleneves.cz\/index.php?rest_route=\/wp\/v2\/pages\/1286","targetHints":{"allow":["GET"]}}],"collection":[{"href":"https:\/\/www.sskzvoleneves.cz\/index.php?rest_route=\/wp\/v2\/pages"}],"about":[{"href":"https:\/\/www.sskzvoleneves.cz\/index.php?rest_route=\/wp\/v2\/types\/page"}],"author":[{"embeddable":true,"href":"https:\/\/www.sskzvoleneves.cz\/index.php?rest_route=\/wp\/v2\/users\/2"}],"replies":[{"embeddable":true,"href":"https:\/\/www.sskzvoleneves.cz\/index.php?rest_route=%2Fwp%2Fv2%2Fcomments&post=1286"}],"version-history":[{"count":2,"href":"https:\/\/www.sskzvoleneves.cz\/index.php?rest_route=\/wp\/v2\/pages\/1286\/revisions"}],"predecessor-version":[{"id":1291,"href":"https:\/\/www.sskzvoleneves.cz\/index.php?rest_route=\/wp\/v2\/pages\/1286\/revisions\/1291"}],"wp:attachment":[{"href":"https:\/\/www.sskzvoleneves.cz\/index.php?rest_route=%2Fwp%2Fv2%2Fmedia&parent=1286"}],"curies":[{"name":"wp","href":"https:\/\/api.w.org\/{rel}","templated":true}]}}