{"id":163,"date":"2017-06-02T14:57:19","date_gmt":"2017-06-02T12:57:19","guid":{"rendered":"http:\/\/www.sskzvoleneves.cz\/?page_id=163"},"modified":"2021-11-12T12:00:05","modified_gmt":"2021-11-12T11:00:05","slug":"sportovni-strelba","status":"publish","type":"page","link":"https:\/\/www.sskzvoleneves.cz\/?page_id=163","title":{"rendered":"Sportovn\u00ed st\u0159elba"},"content":{"rendered":"<h4>Discipl\u00edny sportovn\u00ed st\u0159elby<\/h4>\n<p>Zdroj: <a href=\"http:\/\/www.shooting.cz\">\u010cESK\u00dd ST\u0158ELECK\u00dd SVAZ, z.s.<\/a><\/p>\n<h6>N\u00e1\u0161 klub organizuje z\u00e1vody v n\u00e1sleduj\u00edc\u00edch discipl\u00edn\u00e1ch<\/h6>\n<p>Pro konkr\u00e9tn\u00ed z\u00e1vody mohou b\u00fdt propozice up\u0159esn\u011bny a upraveny podle pot\u0159eby, takov\u00e9 propozice najdete pak na na\u0161ich str\u00e1nk\u00e1ch.<\/p>\n<p><strong>Velkor\u00e1\u017en\u00ed pistole<\/strong> <strong>&#8211; VP<\/strong>, pou\u017e\u00edv\u00e1 jakoukoliv pistoli r\u00e1\u017ee 7,62 &#8211; 9,65 mm a st\u0159elivo se st\u0159edov\u00fdm z\u00e1palem. Odpor spou\u0161t\u011b mus\u00ed b\u00fdt min. 1360 g (3 lb). St\u0159\u00edl\u00ed se celkem 60 ran, 30 na kruhov\u00fd ter\u010d, dal\u0161\u00edch 30 v p\u011btirann\u00fdch s\u00e9ri\u00edch na oto\u010dn\u00fd ter\u010d, na vzd\u00e1lenost 25 metr\u016f. Discipl\u00edna je ur\u010dena pro mu\u017ee a juniory, u n\u00e1s ji ob\u010das st\u0159\u00edlej\u00ed i \u017eeny.<\/p>\n<p><strong>Sportovn\u00ed pistole &#8211; SP<\/strong>, m\u00e1 podobn\u00e1 pravidla jako velkor\u00e1\u017en\u00e1 pistole, pouze je p\u0159edeps\u00e1na r\u00e1\u017ee 5,6 mm. Pro \u017eeny a juniorky je to mezin\u00e1rodn\u00ed discipl\u00edna, u n\u00e1s ji jako n\u00e1rodn\u00ed discipl\u00ednu st\u0159\u00edl\u00ed v\u0161echny kategorie. Odpor spou\u0161t\u011b je p\u0159edeps\u00e1n min. 1000 g.<\/p>\n<p><strong>Standardn\u00ed pistole &#8211; StP<\/strong>, m\u00e1 se sportovn\u00ed pistol\u00ed shodn\u00e1 ustanoven\u00ed co se t\u00fdk\u00e1 rozm\u011br\u016f, hmotnost\u00ed a odporu spou\u0161t\u011b. St\u0159\u00edl\u00ed se s n\u00ed z\u00e1vod 3&#215;20 ran, v p\u011btirann\u00fdch s\u00e9ri\u00edch za 150, 20 a 10 vte\u0159in. Tato discipl\u00edna je ur\u010dena pro mu\u017ee a juniory (a samoz\u0159ejm\u011b t\u00e9\u017e pro seniory a veter\u00e1ny v dom\u00e1c\u00edch sout\u011b\u017e\u00edch).<\/p>\n<p><strong>Standardn\u00ed velkor\u00e1\u017en\u00ed pistole &#8211; StVP<\/strong>, se st\u0159\u00edl\u00ed neupravenou slu\u017eebn\u00ed pistol\u00ed. Uspo\u0159\u00e1d\u00e1n\u00ed discipl\u00edny odpov\u00edd\u00e1 mezin\u00e1rodn\u00ed discipl\u00edn\u011b velkor\u00e1\u017en\u00ed pistole.<\/p>\n<p><strong>Libovoln\u00e1 malor\u00e1\u017eka &#8211; LM<\/strong>, kterou se st\u0159\u00edl\u00ed dv\u011b sout\u011b\u017ee: 60 ran vle\u017ee a 3\u00d740 ran (vle\u017ee, vkle\u010de, vstoje). Povolena je jak\u00e1koliv pu\u0161ka r\u00e1\u017ee 5,6 mm (&#8217;22 Long Rifle) pro st\u0159elivo s okrajov\u00fdm z\u00e1palem. Hmotnost zbran\u011b nesm\u00ed p\u0159es\u00e1hnout 8 kg, zbra\u0148 m\u016f\u017ee m\u00edt h\u00e1k na botce pa\u017eby, st\u0159elec m\u016f\u017ee v poloze vkle\u010de a vle\u017ee pou\u017e\u00edvat st\u0159eleck\u00fd \u0159emen, pro polohu vstoje op\u011brku pro levou ruku. St\u0159\u00edl\u00ed se na vzd\u00e1lenost 50 metr\u016f. St\u0159\u00edl\u00ed ji mu\u017ei a junio\u0159i.<\/p>\n","protected":false},"excerpt":{"rendered":"<p>Discipl\u00edny sportovn\u00ed st\u0159elby Zdroj: \u010cESK\u00dd ST\u0158ELECK\u00dd SVAZ, z.s. N\u00e1\u0161 klub organizuje z\u00e1vody v n\u00e1sleduj\u00edc\u00edch discipl\u00edn\u00e1ch Pro konkr\u00e9tn\u00ed z\u00e1vody mohou b\u00fdt propozice up\u0159esn\u011bny a upraveny podle pot\u0159eby, takov\u00e9 propozice najdete pak na na\u0161ich str\u00e1nk\u00e1ch. Velkor\u00e1\u017en\u00ed pistole &#8211; VP, pou\u017e\u00edv\u00e1 jakoukoliv pistoli r\u00e1\u017ee 7,62 &#8211; 9,65 mm a st\u0159elivo se st\u0159edov\u00fdm z\u00e1palem. Odpor spou\u0161t\u011b mus\u00ed b\u00fdt min. &hellip; <a href=\"https:\/\/www.sskzvoleneves.cz\/?page_id=163\" class=\"more-link\">Pokra\u010dov\u00e1n\u00ed textu <span class=\"screen-reader-text\">Sportovn\u00ed st\u0159elba<\/span> <span class=\"meta-nav\">&rarr;<\/span><\/a><\/p>\n","protected":false},"author":2,"featured_media":0,"parent":0,"menu_order":0,"comment_status":"closed","ping_status":"closed","template":"","meta":{"footnotes":""},"class_list":["post-163","page","type-page","status-publish","hentry"],"_links":{"self":[{"href":"https:\/\/www.sskzvoleneves.cz\/index.php?rest_route=\/wp\/v2\/pages\/163","targetHints":{"allow":["GET"]}}],"collection":[{"href":"https:\/\/www.sskzvoleneves.cz\/index.php?rest_route=\/wp\/v2\/pages"}],"about":[{"href":"https:\/\/www.sskzvoleneves.cz\/index.php?rest_route=\/wp\/v2\/types\/page"}],"author":[{"embeddable":true,"href":"https:\/\/www.sskzvoleneves.cz\/index.php?rest_route=\/wp\/v2\/users\/2"}],"replies":[{"embeddable":true,"href":"https:\/\/www.sskzvoleneves.cz\/index.php?rest_route=%2Fwp%2Fv2%2Fcomments&post=163"}],"version-history":[{"count":2,"href":"https:\/\/www.sskzvoleneves.cz\/index.php?rest_route=\/wp\/v2\/pages\/163\/revisions"}],"predecessor-version":[{"id":736,"href":"https:\/\/www.sskzvoleneves.cz\/index.php?rest_route=\/wp\/v2\/pages\/163\/revisions\/736"}],"wp:attachment":[{"href":"https:\/\/www.sskzvoleneves.cz\/index.php?rest_route=%2Fwp%2Fv2%2Fmedia&parent=163"}],"curies":[{"name":"wp","href":"https:\/\/api.w.org\/{rel}","templated":true}]}}